e remainder when 31 is divided by l.
15
Suppose 0*j + 3*j = 36. Let x be (-5)/1 - (-20)/5. Let u(p) = 45*p**2 + p. Calculate the remainder when u(x) is divided by j.
8
Let c = 209 - 192. Calculate the remainder when 28 is divided by c.
11
Let s = 1479 + -1470. Calculate the remainder when 68 is divided by s.
5
Let v(r) = r**3 + 27*r**2 + r + 45. What is the remainder when 104 is divided by v(-27)?
14
Suppose 0 = 19*k - 7678 + 1313. What is the remainder when k is divided by 86?
77
Suppose -8 = 4*u + 5*j, 5*u - 7 = 4*j - 6*j. Suppose -4*o = -2*o - 2*l - 2, -2*l = -4*o - 4. Calculate the remainder when u is divided by (-1)/o - (-16)/6.
0
Let y(s) = 1 + 0 + 1342*s - 1339*s + 96*s**2. Calculate the remainder when y(-1) is divided by 25.
19
Let x = 1037 + -874. Calculate the remainder when x is divided by 11.
9
Suppose 0 = 12*f + 2*f - 6538. What is the remainder when f is divided by 52?
51
Suppose 0 = 4*q - 5*j - 316, -300 = -2*q - 2*q + j. Calculate the remainder when 736 is divided by q.
70
Suppose 0 = 2*w + 3*u - 61, w + 5 = -5*u + 46. Let z = w - 19. Calculate the remainder when 25 is divided by z.
4
Let r(d) = d**2 - d - 8. Let g be r(4). Suppose -2*i = -0*i, 3*h + g*i - 156 = 0. Calculate the remainder when h is divided by 9.
7
Let v = -9 + 17. What is the remainder when 7/(-2)*(-40)/10 is divided by v?
6
Let l = -8 - -13. Let v be 8/(-4) - -10 - 0. Suppose a - 8 = -4*i, 4*i - 2*a - v = -0*i. What is the remainder when l is divided by i?
1
Suppose 7*o = 5*o - 2, 0 = q - 2*o - 455. Calculate the remainder when q is divided by 65.
63
What is the remainder when (40 + 11)*(-6)/(-9) is divided by 11?
1
Suppose -2 = -l - p, 4*p - 2 = -l - 0*p. Suppose l*s = -4 + 66. Calculate the remainder when s is divided by 12.
7
Let w = 54 - 514. Calculate the remainder when (w/16)/(3/(-12)) is divided by 30.
25
Suppose 10 = 22*r - 584. What is the remainder when 456 is divided by r?
24
Let q(s) = 6*s**2 + 20*s - 42. Calculate the remainder when q(-8) is divided by 11.
6
Let u(m) = -4*m**3 - 16*m**2 + 9*m + 8. Calculate the remainder when 439 is divided by u(-5).
61
Let w = 716 + -703. Let b = -21 - -29. What is the remainder when w is divided by b?
5
Let s = -213 - -50. Let v = -112 - s. Calculate the remainder when v is divided by 26.
25
Calculate the remainder when (-142*2/4)/((-2)/10) is divided by 73.
63
Let p(v) = -v**2 - v + 1. Let t(c) = 110*c**2 - 4*c + 5. Let w(g) = -4*p(g) + t(g). What is the remainder when w(-1) is divided by 39?
37
Suppose -17*p + 500 + 690 = 0. Calculate the remainder when 201 is divided by p.
61
Let m(w) = -w + 19*w**2 - 1 + 0 - w**2. Suppose 4*b + 3*d = -4, -3*b + 4*d = b + 4. Calculate the remainder when 69 is divided by m(b).
15
Let s(x) = x**2 + 12*x + 45. Let l be (-1)/(-2)*(-30)/(-2 - -5). What is the remainder when (-2)/(-2) - -28*1 is divided by s(l)?
9
Suppose 2*t + 3*t - 5*i = 75, -t - 2*i + 18 = 0. Suppose 4*z - 222 - 30 = 0. Calculate the remainder when z is divided by t.
15
Suppose 864 = -35*n + 41*n. What is the remainder when n is divided by 24?
0
Let q(m) = m**2 - 3*m - 5. Let k be q(-2). Suppose k*p + 16 = g + 113, -2*p = -g - 40. Calculate the remainder when p is divided by 10.
9
Let j be (-2 - -1)/(2 - 59/29). Let y = j - 14. What is the remainder when 88 is divided by y?
13
Suppose -572 + 89 = -23*h. What is the remainder when h is divided by 9?
3
Let v = 17 + -26. Let u be 15/v*(-8 - -5). Suppose -5*y = -10, u*d - 91 = 5*y + 84. What is the remainder when 72 is divided by d?
35
Let g(p) = p**2 - 3 - 5*p - 9 - p**2 + p**2. Let x be g(10). What is the remainder when (3/6)/(1/x) is divided by 5?
4
Suppose -9*o + 84 = -3*o. Suppose 0 = 2*m - 0*m - o. What is the remainder when 27 is divided by m?
6
Let k be (0/(-25))/(1 - -1). Suppose k*p = -4*p + 76. What is the remainder when 92 is divided by p?
16
Suppose -2*z - 3*m + 35 = -8*m, 4*z - m = 43. Calculate the remainder when z is divided by 3/(-3 + 2)*-1.
1
Let q(j) = -18*j**3 + 3*j**2 + j - 1. What is the remainder when 244 is divided by q(-1)?
16
Let u(y) = -y**3 + 3*y**2 - y - 25. What is the remainder when u(-5) is divided by 48?
36
Let x be (-1 - 5)/((-18)/12). Suppose 7 = -x*b - 1. Let q = 34 + b. What is the remainder when q is divided by 17?
15
Suppose -5*u - n + 34 = 0, -3*u - 4*n + 14 = -3. What is the remainder when 19 is divided by u?
5
Suppose -2*u + 572 = 4*d, -12*u + 292 = 2*d - 8*u. What is the remainder when d is divided by 49?
44
Suppose 3*d - 15 = 0, 3*d - 462 + 87 = -4*z. What is the remainder when z is divided by 22?
2
Suppose 0*p + h = 4*p - 8, -5*p - h = -10. Suppose -6*t = -p*t - 28. What is the remainder when 39 is divided by t?
4
Suppose 266 = -17*m + 1269. Calculate the remainder when m is divided by 35.
24
Let z be ((-21)/(-9))/((-2)/(-66)). Let y be (-4)/(-14) + (-22)/z. Suppose y = -l + 7 - 4. What is the remainder when 6 is divided by l?
0
Suppose 12*n = 123 + 189. Calculate the remainder when 104 is divided by n.
0
Let c be ((-12)/(-21))/((-6)/21). Suppose 2*y - 75 = -3*y. Calculate the remainder when y is divided by (c/(-6))/((-8)/(-48)) + 7.
6
Let c = 29 + 108. What is the remainder when c is divided by 35?
32
Let z(m) = 8*m**3 - 6*m + 9. Let i be z(4). Suppose -6*o + i = -355. What is the remainder when o is divided by 36?
34
Suppose 5*c + z = -2*z + 40, -c = -2*z - 8. Suppose -4*f = -c*f + 20. Suppose -a = -f*a + 56. What is the remainder when 54 is divided by a?
12
Let x = 1828 + -1786. What is the remainder when 203 is divided by x?
35
Suppose 0 = -2*n + 3*q + 329, -n - 2*q = -106 - 41. Suppose k = 4*x, 0*x = 4*k - x - 75. Calculate the remainder when n is divided by k.
17
Let v(b) = b**3 + 8*b**2 + 7*b + 5. Let k be v(-7). Let q be k - (9/(-1))/(-3). Calculate the remainder when 27 is divided by (3 - -3) + q/2.
6
Let h(s) = -2*s**3 + 15*s**2 + 11*s + 6. Suppose 7*i = 2*i + 50. Let o = i + 1. Calculate the remainder when h(8) is divided by o.
8
Let z(g) = -4*g - 159. What is the remainder when 177 is divided by z(-41)?
2
Suppose 0*a + 96 = 4*a. Let q be 57 + (-2)/4*-6. Suppose 0 = -4*x - 8 + q. Calculate the remainder when a is divided by x.
11
Suppose -2*b = -0*b - 3*a - 3, b = 5*a - 2. What is the remainder when 3 is divided by b?
0
Let r = 1865 - 1827. Calculate the remainder when 173 is divided by r.
21
Let g(w) = -w**3 - 2*w - 1. Let n be g(-1). Let z(s) = 7*s**3 - 2*s**2. Calculate the remainder when z(n) is divided by 17.
14
Suppose -26*x - 8*x + 192 = -2*x. Let g(n) = 5*n**2 + n + 1. Calculate the remainder when x is divided by g(-1).
1
Let q = -6 - -8. Suppose -5*m + 13 = -2, 20 = b - 4*m. What is the remainder when b is divided by (-33)/q*(-2)/3?
10
Suppose o - 90 = -4*o. Calculate the remainder when ((-104)/12 + -3)*-3 is divided by o.
17
Suppose -25*q + 120 = -20*q - 2*z, -63 = -4*q - 5*z. What is the remainder when 461 is divided by q?
21
Let a(i) = -i**2 - 8*i + 3. Let w be a(-7). Suppose -2*x + w = 0, -4*k + 6*k - 3*x + 5 = 0. What is the remainder when 24 is divided by k?
4
Let i = 121 - 86. Let k(f) = 2*f**3 - 3*f**2 + 3*f. Let y be k(2). Let b = i - y. What is the remainder when 99 is divided by b?
24
Let x be 0/3*3/6. Calculate the remainder when 203 - x - (0/(-1) - -3) is divided by 51.
47
Let g = -1 - -2. Calculate the remainder when (-15)/(-9)*144/40 + -1 + -1 is divided by g.
0
Let v(i) = 2*i + 98. Calculate the remainder when v(9) is divided by 60.
56
Let m(y) = 2*y. Let k(b) = b**2 + 13*b - 20. Let o be k(-14). What is the remainder when m(4) is divided by o/(-27) - 32/(-18)?
0
Let p = 66 + -40. Suppose 0*h - 5*t = -h + p, -t = 4*h - 20. Calculate the remainder when 10 is divided by h.
4
Suppose -4*o + 13*u + 621 = 12*u, o = -4*u + 151. Calculate the remainder when o is divided by 16.
11
Let n(k) = -k**2 + 2*k - 1. Let c be n(1). Suppose 0 = 4*a + 4*y - c*y - 28, a + 5*y = 7. What is the remainder when 25 is divided by a?
4
Suppose -51*d + 6727 = -4289. Calculate the remainder when d is divided by 71.
3
Let v(n) = n**3 + 6*n**2 - 5*n - 5. Suppose -3*m = -4*m + 36. Suppose 2*o + 6 = -3*i, 5*o - 3*i + 0*i = -m. Calculate the remainder when 99 is divided by v(o).
24
Suppose -9*y = -y - 232. Suppose -f = 3*l - 6*l + 259, 4*f = 4*l - 356. What is the remainder when l is divided by y?
27
Let t = 1692 -